{"id":63,"date":"2022-02-14T09:58:37","date_gmt":"2022-02-14T07:58:37","guid":{"rendered":"http:\/\/1.shira287.com\/?post_type=product&#038;p=63"},"modified":"2024-10-18T17:39:56","modified_gmt":"2024-10-18T14:39:56","slug":"vase-herisson-en-bois","status":"publish","type":"product","link":"http:\/\/1.shira287.com\/?product=vase-herisson-en-bois","title":{"rendered":"Vase h\u00e9risson en bois"},"content":{"rendered":"","protected":false},"excerpt":{"rendered":"<p>Vase h\u00e9risson en bois. Fabriqu\u00e9 en Italie<\/p>\n","protected":false},"featured_media":589,"comment_status":"open","ping_status":"closed","template":"","meta":[],"product_cat":[19],"product_tag":[],"_links":{"self":[{"href":"http:\/\/1.shira287.com\/index.php?rest_route=\/wp\/v2\/product\/63"}],"collection":[{"href":"http:\/\/1.shira287.com\/index.php?rest_route=\/wp\/v2\/product"}],"about":[{"href":"http:\/\/1.shira287.com\/index.php?rest_route=\/wp\/v2\/types\/product"}],"replies":[{"embeddable":true,"href":"http:\/\/1.shira287.com\/index.php?rest_route=%2Fwp%2Fv2%2Fcomments&post=63"}],"wp:featuredmedia":[{"embeddable":true,"href":"http:\/\/1.shira287.com\/index.php?rest_route=\/wp\/v2\/media\/589"}],"wp:attachment":[{"href":"http:\/\/1.shira287.com\/index.php?rest_route=%2Fwp%2Fv2%2Fmedia&parent=63"}],"wp:term":[{"taxonomy":"product_cat","embeddable":true,"href":"http:\/\/1.shira287.com\/index.php?rest_route=%2Fwp%2Fv2%2Fproduct_cat&post=63"},{"taxonomy":"product_tag","embeddable":true,"href":"http:\/\/1.shira287.com\/index.php?rest_route=%2Fwp%2Fv2%2Fproduct_tag&post=63"}],"curies":[{"name":"wp","href":"https:\/\/api.w.org\/{rel}","templated":true}]}}